{"id":2639,"date":"2023-06-22T23:24:00","date_gmt":"2023-06-22T23:24:00","guid":{"rendered":"https:\/\/sorgato.com.br\/novosite\/?post_type=product&#038;p=2639"},"modified":"2023-09-23T22:13:27","modified_gmt":"2023-09-23T22:13:27","slug":"s2910-chaveiro-trena-quadrado","status":"publish","type":"product","link":"https:\/\/sorgato.com.br\/novosite\/produto\/s2910-chaveiro-trena-quadrado\/","title":{"rendered":"S2910 &#8211; CHAVEIRO TRENA QUADRADO"},"content":{"rendered":"<div class=\"desc\">\n<div class=\"desc\">\n<p class=\"desc-tit\"><span class=\"desc-sub my-desc-sub\">Fita m\u00e9trica de 1 metro em pl\u00e1stico quadrangular, frente lisa e verso com bot\u00e3o (trava). Acompanha chaveiro.<\/span><\/p>\n<\/div>\n<div class=\"desc\">\n<p class=\"desc-tit\">Tamanho total aproximado\u00a0<span class=\"desc-sub\">\u00a0(CxL):\u00a0 4,3 cm x 4,3 cm<\/span><\/p>\n<\/div>\n<div class=\"desc\">\n<p class=\"desc-tit\">Peso aproximado<span class=\"desc-sub\">\u00a0(g):\u00a0 19<\/span><\/p>\n<p>Conferir cores dispon\u00edveis.<\/p>\n<\/div>\n<\/div>\n","protected":false},"excerpt":{"rendered":"<p>Fita m\u00e9trica de 1 metro em pl\u00e1stico quadrangular, frente lisa e verso com bot\u00e3o (trava). Acompanha chaveiro. Tamanho total aproximado\u00a0\u00a0(CxL):\u00a0 4,3 cm x 4,3 cm Peso aproximado\u00a0(g):\u00a0 19 Conferir cores dispon\u00edveis.<\/p>\n","protected":false},"featured_media":0,"comment_status":"open","ping_status":"closed","template":"","meta":{"_kadence_starter_templates_imported_post":false,"_kad_post_transparent":"default","_kad_post_title":"","_kad_post_layout":"default","_kad_post_sidebar_id":"","_kad_post_content_style":"default","_kad_post_vertical_padding":"default","_kad_post_feature":"","_kad_post_feature_position":"","_kad_post_header":false,"_kad_post_footer":false,"_kad_post_classname":""},"product_brand":[],"product_cat":[35],"product_tag":[],"class_list":{"0":"post-2639","1":"product","2":"type-product","3":"status-publish","5":"product_cat-diversos","7":"first","8":"instock","9":"shipping-taxable","10":"product-type-simple","11":"entry","12":"content-bg","13":"loop-entry"},"_links":{"self":[{"href":"https:\/\/sorgato.com.br\/novosite\/wp-json\/wp\/v2\/product\/2639","targetHints":{"allow":["GET"]}}],"collection":[{"href":"https:\/\/sorgato.com.br\/novosite\/wp-json\/wp\/v2\/product"}],"about":[{"href":"https:\/\/sorgato.com.br\/novosite\/wp-json\/wp\/v2\/types\/product"}],"replies":[{"embeddable":true,"href":"https:\/\/sorgato.com.br\/novosite\/wp-json\/wp\/v2\/comments?post=2639"}],"wp:attachment":[{"href":"https:\/\/sorgato.com.br\/novosite\/wp-json\/wp\/v2\/media?parent=2639"}],"wp:term":[{"taxonomy":"product_brand","embeddable":true,"href":"https:\/\/sorgato.com.br\/novosite\/wp-json\/wp\/v2\/product_brand?post=2639"},{"taxonomy":"product_cat","embeddable":true,"href":"https:\/\/sorgato.com.br\/novosite\/wp-json\/wp\/v2\/product_cat?post=2639"},{"taxonomy":"product_tag","embeddable":true,"href":"https:\/\/sorgato.com.br\/novosite\/wp-json\/wp\/v2\/product_tag?post=2639"}],"curies":[{"name":"wp","href":"https:\/\/api.w.org\/{rel}","templated":true}]}}